1031?
-1133021300
In base 2, what is 0 - 11111000000101001000?
-11111000000101001000
In base 10, what is -6 + 117487?
117481
In base 10, what is 106758040 - 2?
106758038
In base 9, what is -3326501 + -83?
-3326584
In base 9, what is -21161718 + -5?
-21161724
In base 14, what is -2 + -4749a7a?
-4749a7c
In base 14, what is -c83 - 2?
-c85
In base 6, what is -10 - -3035515255?
3035515245
In base 2, what is -1000100111 - -1100010111111010?
1100001111010011
In base 10, what is 102 + -49216?
-49114
In base 11, what is -306 - -230552?
230247
In base 10, what is 38975834 + -5?
38975829
In base 10, what is -269122 + -162?
-269284
In base 8, what is 5 - 145451615?
-145451610
In base 4, what is -1011210 + 3012302?
2001032
In base 2, what is -1000001011 + 11001110100000?
11000110010101
In base 16, what is -2527db5 - 5?
-2527dba
In base 3, what is 102110 - 10201221211?
-10201112101
In base 15, what is -24e4 + 2e?
-24b5
In base 3, what is -12000100 - -10101211202?
10012211102
In base 13, what is 4c + 126ca6?
127025
In base 5, what is 21 + -341222?
-341201
In base 7, what is -25 - -213611626?
213611601
In base 7, what is 20432450 + -21?
20432426
In base 6, what is -122 - 25155253?
-25155415
In base 12, what is 5311663 + 5?
5311668
In base 10, what is 25 - 7554880?
-7554855
In base 12, what is -1a06332 - 16?
-1a06348
In base 3, what is -1111200112200020 - 0?
-1111200112200020
In base 10, what is 13 + 3716045?
3716058
In base 4, what is -1212230330232 + 3?
-1212230330223
In base 3, what is 2012022020120 - 10221?
2012022002122
In base 10, what is 1199009 + 231?
1199240
In base 5, what is 4433 - -202133?
212121
In base 7, what is 3531561532 - 2?
3531561530
In base 12, what is -3745 - -209b?
-1666
In base 7, what is -10 - -240166000?
240165660
In base 4, what is -1220003001303 - 3?
-1220003001312
In base 16, what is 658e86 - -c?
658e92
In base 3, what is -1011122 + 21121020?
20102121
In base 2, what is 10111 - -111111100000000111?
111111100000011110
In base 5, what is -3 + 42141341431?
42141341423
In base 13, what is 16a + -40008?
-3cb6b
In base 15, what is -84630 - 1a?
-8464a
In base 11, what is -58 + -34a72?
-3501a
In base 7, what is 3 + -516303400?
-516303364
In base 5, what is 140 + -310313443?
-310313303
In base 6, what is -1 + -330434131?
-330434132
In base 10, what is -19277894 + 1?
-19277893
In base 9, what is 13865075 - -1?
13865076
In base 12, what is 5793078 - -4?
5793080
In base 13, what is ca - 7b9?
-6bc
In base 4, what is 2 + 1112012022?
1112012030
In base 2, what is 111 + 100001011000001010010000?
100001011000001010010111
In base 8, what is 325 + -1750104?
-1747557
In base 5, what is 332042210242 - -1?
332042210243
In base 8, what is -1614 + -6421?
-10235
In base 7, what is 20314053 + 461?
20314544
In base 8, what is -22103 + -4207?
-26312
In base 9, what is -143710 - -682?
-143017
In base 11, what is -698127 + -96?
-698212
In base 16, what is 12 + f8b7b?
f8b8d
In base 11, what is 279 - 40546?
-40278
In base 2, what is 111000100111000 - 11100110?
111000001010010
In base 10, what is 2 - 24306364?
-24306362
In base 7, what is 266 - 12006644?
-12006345
In base 15, what is -dbec9 + -69?
-dc043
In base 11, what is -13 + -2989316?
-2989329
In base 8, what is -532540 - -147?
-532371
In base 14, what is 3917 - a25?
2cd2
In base 8, what is 17774466 - 1?
17774465
In base 7, what is 5 + 443232661?
443232666
In base 15, what is -2 - ec76b6?
-ec76b8
In base 2, what is 100100010111100111101111 + 10?
100100010111100111110001
In base 5, what is -2412301424 + -1103?
-2412303032
In base 12, what is 10 + -6014a?
-6013a
In base 5, what is 100431310243 - 2?
100431310241
In base 7, what is 245224414 - -16?
245224433
In base 6, what is 121 - -215551?
220112
In base 16, what is -765da3 - -22?
-765d81
In base 10, what is -15 - -329797?
329782
In base 8, what is -10 - -3067506?
3067476
In base 6, what is -2225 + 1041244?
1035015
In base 3, what is 22210010 + 211101?
100121111
In base 9, what is 1 + 641001653?
641001654
In base 15, what is 121e0e6 + -2?
121e0e4
In base 4, what is -103320313320 - 3?
-103320313323
In base 6, what is -2314554 + -5?
-2315003
In base 9, what is -2771431 - 216?
-2771647
In base 4, what is -110210 - -111121023?
111010213
In base 12, what is 76a + 4027?
4795
In base 6, what is -304133240 - 4?
-304133244
In base 16, what is -492c9 + 5?
-492c4
In base 3, what is 221200111012021 - 101?
221200111011220
In base 8, what is -26 - 25457?
-25505
In base 11, what is -256 - -57968?
57712
In base 12, what is 4 - 22aa2302?
-22aa22ba
In base 12, what is -1735518 + 3?
-1735515
In base 14, what is -22653 + 54?
-225dd
In base 12, what is -10568568 + -4?
-10568570
In base 6, what is -3 - 1502012?
-1502015
In base 13, what is 106 + -1c1725?
-1c161c
In base 10, what is -492 + -2936?
-3428
In base 10, what is 17822 - -1926?
19748
In base 9, what is 3242144 + 62?
3242216
In base 7, what is 32263 + -656665?
-624402
In base 8, what is -4 - -3130625?
3130621
In base 11, what is -52a - 15770?
-1619a
In base 14, what is -a123 - -617?
-990a
In base 10, what is 2 - 8273271?
-8273269
In base 10, what is -692 + -969589?
-970281
In base 10, what is -4 - -146292074?
146292070
In base 7, what is 5 + -1363564?
-1363556
In base 2, what is -100110011011101100 - -11011?
-100110011011010001
In base 4, what is -100022 - -21302103?
21202021
In base 16, what is 1318f58c - 0?
1318f58c
In base 14, what is -3180c + -74?
-31882
In base 8, what is 5 - -1002533545?
1002533552
In base 8, what is 2024 - -1351540?
1353564
In base 14, what is 54 - 19c79?
-19c25
In base 12, what is 2606859 - 0?
2606859
In base 10, what is 3 + 1826932?
1826935
In base 14, what is 98a + ad9?
1685
In base 7, what is -1466046 - 412?
-1466461
In base 2, what is -11000111001000011 + 1001100?
-11000110111110111
In base 10, what is -41623983 - -8?
-41623975
In base 10, what is 392 - -1758?
2150
In base 15, what is 1 + -426e93?
-426e92
In base 7, what is -4 + 112123133?
112123126
In base 5, what is 403 - -1140324?
1141232
In base 6, what is 2230010 - -541?
2230551
In base 4, what is -3120311212111 + 0?
-3120311212111
In base 2, what is -110100110 - -110001001000010110?
110001000001110000
In base 15, what is -4c0 - 3637c?
-3684c
In base 6, what is -2 + -11120424314?
-11120424320
In base 12, what is -14a1 + -33135?
-34616
In base 3, what is 10101 + 22220110121?
22220120222
In base 2, what is 100101011001 + 11001110101011111?
11010011010111000
In base 4, what is 322313002 + 322?
322313330
In base 6, what is -253 - -1133224?
1132531
In base 16, what is -224d40 - 2?
-224d42
In base 4, what is 2313 - 110330312?
-110321333
In base 6, what is 415041124554 + -1?
415041124553
In base 16, what is 4 + -1daecc?
-1daec8
In base 8, what is 1 - -332526660?
332526661
In base 5, what is 23003 + 110100304?
110123312
In base 4, what is -2021022111332 + 0?
-2021022111332
In base 3, what is 11120220 - -2010200?
20201120
In base 15, what is c7add - 6d?
c7a70
In base 13, what is 192317 + 5?
19231c
In base 2, what is -1001 + -10111001110001001?
-10111001110010010
In base 6, what is -214 - 1224052?
-1224310
In base 4, what is -220202320013 + -11?
-220202320030
In base 9, what is 2 - -4330016?
4330018
In base 9, what is 64286663 - -3?
64286666
In base 2, what is -1011000101111000 + -111101?
-1011000110110101
In base 13, what is -a6713 - -23?
-a66c0
In base 5, what is -22014344 - 212?
-22020111
In base 4, what is 12200 - -1302302?
1321102
In base 4, what is 31 - -11002312030132?
11002312030223
In base 8, what is -2525736304 - -4?
-2525736300
In base 2, what is -110011101001110001011001 - -10?
-110011101001110001010111
In base 9, what is -144075 - 4?
-144080
In base 2, what is 10100011000001010011 - 11101?
10100011000000110110
In base 12, what is 1 - -116587?
116588
In base 9, what is -264716 - -10?
-264706
In base 9, what is -61144860 - 0?
-61144860
In base 13, what is -17866c1 - -13?
-17866ab
In base 5, what is 2 - 33202422332?
-33202422330
In base 15, what is 659 - -32a4?
390d
In base 8, what is -3711470220 + 0?
-3711470220
In base 2, what is -100000111000111011001010 - 1?
-100000111000111011001011
In base 5, what is 2422130 + 100022?
3022202
In base 15, what is -4a66 - 31?
-4a97
In base 16, what is 4f + -41e7d?
-41e2e
In base 9, what is 287775 + 1